6
274 (base 12) to base 14
1cc
What is 30254 (base 10) in base 13?
10a03
What is 979 (base 12) in base 3?
1220110
-471 (base 11) to base 14
-2c2
6c9b (base 16) to base 13
c869
-3512 (base 6) to base 11
-6a0
Convert -364 (base 9) to base 10.
-301
What is -1451 (base 7) in base 6?
-2355
-64 (base 10) to base 12
-54
-22212221 (base 3) to base 6
-45554
Convert -11001010101101 (base 2) to base 9.
-18714
Convert 1877 (base 11) to base 14.
c23
3273 (base 9) to base 10
2415
22ec (base 15) to base 10
7422
-ee9 (base 15) to base 11
-2593
Convert b7 (base 14) to base 15.
ab
3003221 (base 4) to base 12
72b5
-50205 (base 6) to base 16
-199d
Convert -17070 (base 8) to base 14.
-2b68
1361 (base 11) to base 7
5064
What is -201531 (base 6) in base 12?
-92a7
Convert 210121211 (base 3) to base 10.
15763
434 (base 14) to base 9
1122
9ec (base 15) to base 12
1373
What is -122011 (base 3) in base 16?
-1cf
c6a (base 13) to base 11
1654
-36c (base 16) to base 8
-1554
Convert 3514 (base 8) to base 14.
976
821 (base 10) to base 13
4b2
What is 3040 (base 5) in base 6?
1455
What is -1300 (base 4) in base 14?
-80
Convert 111021 (base 3) to base 14.
1b8
What is 3920 (base 15) in base 2?
10111110010100
What is 299 (base 14) in base 6?
2235
What is 441440 (base 5) in base 14?
57ad
What is -10072 (base 8) in base 9?
-5625
What is -143514 (base 6) in base 15?
-414d
What is 9931 (base 10) in base 3?
111121211
25788 (base 9) to base 7
101525
What is 729 (base 15) in base 2?
11001001110
22957 (base 12) to base 2
1011010011010011
Convert -13b5 (base 12) to base 9.
-3132
What is 545 (base 8) in base 13?
216
What is 16d3 (base 14) in base 9?
5561
What is 21a (base 11) in base 12?
19b
-466 (base 7) to base 5
-1434
-103330 (base 7) to base 9
-26624
-2651 (base 7) to base 11
-844
-1d48 (base 16) to base 7
-30566
Convert 46645 (base 7) to base 11.
900a
8c38 (base 13) to base 10
19651
-250 (base 11) to base 6
-1213
Convert 272d (base 16) to base 2.
10011100101101
What is -1011321 (base 4) in base 14?
-18b7
-a542 (base 16) to base 12
-20596
Convert -13b01 (base 16) to base 14.
-21561
Convert 101000200 (base 3) to base 13.
3432
What is 3373 (base 9) in base 16?
9c0
-17a (base 12) to base 13
-154
-102127 (base 8) to base 7
-200526
What is 20ec (base 16) in base 4?
2003230
-47414 (base 10) to base 7
-255143
Convert -2012212 (base 5) to base 2.
-111110110110110
What is -3e8 (base 16) in base 13?
-5bc
What is -a08 (base 15) in base 9?
-3078
What is -2643 (base 12) in base 10?
-4371
30 (base 4) to base 6
20
What is -5aa9 (base 11) in base 9?
-11851
-236 (base 13) to base 12
-27b
What is -12201 (base 3) in base 5?
-1104
Convert -6347 (base 11) to base 8.
-20320
4300 (base 8) to base 13
1034
What is -a3b9 (base 15) in base 13?
-12996
Convert 1100 (base 2) to base 9.
13
What is -222000 (base 3) in base 12?
-4a6
Convert 26238 (base 10) to base 3.
1022222210
What is 111 (base 9) in base 10?
91
416 (base 12) to base 13
369
What is 1022 (base 5) in base 15?
92
Convert a1a7 (base 13) to base 12.
10a84
973 (base 13) to base 3
2012211
Convert a8d (base 14) to base 12.
1259
Convert 3039 (base 14) to base 5.
231113
What is -3442 (base 5) in base 7?
-1310
1915 (base 10) to base 14
9ab
7ec1 (base 16) to base 14
bb7b
Convert -292a (base 15) to base 10.
-8815
What is -a74 (base 14) in base 4?
-200032
2400 (base 8) to base 14
676
10110111000010 (base 2) to base 14
43aa
5a46 (base 15) to base 14
6dcb
What is -19895 (base 14) in base 9?
-107812
4993 (base 14) to base 12
7545
Convert 2423204 (base 5) to base 16.
b175
Convert -271 (base 9) to base 12.
-16a
244 (base 9) to base 3
21111
Convert -200212 (base 4) to base 3.
-2212021
Convert 33312 (base 4) to base 8.
1766
-2ca (base 13) to base 2
-111111000
What is -9d6 (base 15) in base 12?
-1356
What is -1408 (base 11) in base 4?
-130133
Convert -5b0 (base 15) to base 4.
-110022
-443 (base 10) to base 13
-281
What is -1264 (base 8) in base 16?
-2b4
Convert 101431 (base 6) to base 13.
3934
73c7 (base 15) to base 2
101111110100111
Convert 650 (base 11) to base 7.
2164
What is 5411 (base 8) in base 3?
10212122
What is -110110000 (base 2) in base 10?
-432
What is 100100100011101 (base 2) in base 9?
27606
-6398 (base 15) to base 10
-21068
Convert 1000011110 (base 2) to base 12.
392
Convert -564 (base 13) to base 10.
-927
-9905 (base 11) to base 4
-3030101
What is 23b3 (base 16) in base 5?
243024
What is -440322 (base 6) in base 16?
-8e3a
-120130 (base 4) to base 6
-11124
What is -1124110 (base 5) in base 7?
-113566
Convert 302421 (base 5) to base 11.
7351
What is -3029 (base 16) in base 2?
-11000000101001
What is -3bb4 (base 16) in base 4?
-3232310
What is 3133432 (base 5) in base 12?
2637b
-11001111011011 (base 2) to base 10
-13275
Convert -131013 (base 4) to base 16.
-747
Convert 11100110101100 (base 2) to base 16.
39ac
-31c0 (base 14) to base 4
-2012110
Convert 1268 (base 9) to base 2.
1110111001
1620 (base 14) to base 15
1283
What is -273 (base 11) in base 6?
-1254
Convert 362 (base 7) to base 11.
164
3000 (base 5) to base 13
22b
What is -120 (base 9) in base 2?
-1100011
-733 (base 15) to base 10
-1623
-a2aa (base 15) to base 16
-8638
Convert 5756 (base 10) to base 3.
21220012
Convert -1210222 (base 3) to base 16.
-52a
-728 (base 10) to base 6
-3212
What is -211211 (base 3) in base 6?
-2504
Convert -110 (base 14) to base 10.
-210
Convert -2d8e (base 15) to base 2.
-10011001010001
What is 541 (base 12) in base 2?
1100000001
Convert -2503 (base 6) to base 5.
-4430
-1314 (base 6) to base 5
-2314
140230 (base 5) to base 7
22406
What is -1401 (base 7) in base 15?
-260
1433441 (base 5) to base 6
353104
What is -340 (base 11) in base 12?
-29b
Convert 211211221 (base 3) to base 6.
205041
What is 15c4 (base 16) in base 11?
4206
-1321 (base 4) to base 7
-232
Convert -58cd (base 15) to base 4.
-10212310
333 (base 16) to base 7
2250
Convert -1415422 (base 6) to base 13.
-2a716
Convert 133212 (base 4) to base 3.
2202220
What is 1233010 (base 5) in base 3?
1020002201
-3005 (base 6) to base 12
-465
Convert -253 (base 16) to base 7.
-1510
-23442 (base 5) to base 14
-8cb
What is 1276 (base 10) in base 7?
3502
-420540 (base 6) to base 9
-51446
457 (base 13) to base 7
2116
2022 (base 9) to base 3
2000202
Convert 62c (base 14) to base 7.
3355
12001 (base 3) to base 10
136
What is -10006 (base 7) in base 4?
-211213
What is -23200 (base 4) in base 16?
-2e0
Convert 1200200 (base 3) to base 4.
103101
What is 102314 (base 5) in base 11?
2665
-548 (base 15) to base 12
-835
-d6 (base 14) to base 8
-274
What is 101111010010 (base 2) in base 5?
44101
Convert -186 (base 12) to base 11.
-204
Convert b008 (base 13) to base 9.
36141
Convert -2002121212 (base 3) to base 2.
-1010000100111111
2431 (base 10) to base 14
c59
What is -152d (base 16) in base 15?
-1916
f3 (base 16) to base 6
1043
Convert 1891 (base 12) to base 7.
11500
2d0 (base 14) to base 12
3ba
2344 (base 5) to base 13
20b
What is 1243 (base 8) in base 2?
1010100011
Convert -37c (base 13) to base 9.
-747
Convert 1405 (base 6) to base 5.
2430
-101001110101 (base 2) to base 14
-d93
What is 43 (base 5) in base 14?
19
Convert -35430 (base 6) to base 8.
-12012
What is 102121 (base 3) in base 10?
313
-2701 (base 10) to base 16
-a8d
Convert 2a06 (base 16) to base 9.
15673
-30121020 (base 4) to base 16
-c648
-1010422 (base 5) to base 4
-3333222
2123 (base 5) to base 9
350
What is -10006 (base 7) in base 13?
-1132
What is -36064 (base 7) in base 12?
-5477
Convert -101010111011001 (base 2) to base 15.
-67a2
What is -25124 (base 6) in base 15?
-1184
Convert -58484 (base 10) to base 12.
-29a18
What is -607 (base 15) in base 7?
-3646
Convert -3314214 (base 5) to base 12.
-292a2
36376 (base 8) to base 2
11110011111110
Convert -244 (base 7) to base 15.
-8a
750 (base 14) to base 15
662
-1111111201 (base 3) to base 15
-8b3a
Convert 3545 (base 9) to base 5.
41013
What is 1000111010011 (base 2) in base 13?
2100
6193 (base 10) to base 5
144233
-3705 (base 8) to base 3
-2201200
Convert -2405 (base 6) to base 12.
-405
What is 16 (base 13) in base 5?
34
What is -10100011010101 (base 2) in base 5?
-313303
What is -41 (base 5) in base 11?
-1a
What is -67c6 (base 14) in base 5?
-1034020
What is -3213 (base 4) in base 16?
-e7
Convert -400 (base 6) to base 14.
-a